7. What is the highest common factor of w and 25?
25
Suppose -2*k - 2988 = -5*k - 4*f, -2*k + 1972 = -4*f. Suppose -3*u = u - k. Let l be (-4)/18 - (-281)/9. What is the greatest common factor of u and l?
31
Suppose 2*d - 1130 + 124 = -3*t, 3*t = 5*d + 1013. What is the highest common factor of t and 42?
42
Let g be (-57)/3*30/(-9)*3. Let w = -98 + 117. Calculate the greatest common factor of w and g.
19
Let r(w) = w + 17. Let g = -8 - 5. Let l be r(g). Suppose -y - 4*n = -29, 4*n - 2*n + 98 = l*y. Calculate the highest common divisor of y and 10.
5
Let l(y) = y + 15. Let h be l(0). Let w(o) = 2*o**2 + 32*o - 19. Let n be w(-17). Calculate the greatest common factor of n and h.
15
Suppose m - 192 = 2*a, -3*m - 2*m = -a - 1005. Suppose m + 183 = -5*w. Let i = 67 - w. Calculate the highest common factor of 36 and i.
36
Let s(a) = 2*a**2 - 3*a - 3. Let r be s(-3). Let c be (-2)/(-2)*r*2. Let i be 64/(52/(2 + 11)). What is the highest common divisor of i and c?
16
Let h(b) be the second derivative of b**4/12 - b**3 + b**2 + 3*b. Suppose f + 4 - 11 = 0. Let k be h(f). What is the greatest common divisor of k and 27?
9
Suppose -6*f + 114 = -0*f. Let s = 23 - f. Suppose 9 + 3 = s*j. Calculate the highest common factor of j and 15.
3
Let a(d) = d**3 - 12*d**2 - 43*d - 61. Let b be a(20). Calculate the greatest common factor of 53 and b.
53
Suppose 0 = 16*n - 19*n - 9. Let a be ((-630)/7)/((-4)/n - 2). Calculate the greatest common divisor of 15 and a.
15
Suppose -4*c + 3*c = 2. Let k be 885/75 - c/10. What is the greatest common factor of k and 96?
12
Let k = -49 + 61. Calculate the greatest common factor of k and 480.
12
Let b = 377 + -372. Suppose 0 = -2*m + 4*t + 22, 4*m - 72 = 5*t - 22. Calculate the highest common divisor of b and m.
5
Let s be (-2 + 1)/((-1)/12). Let t = -42 - -45. Suppose -4*a + t*a = -96. What is the greatest common factor of a and s?
12
Let w = -14 + 27. Let v(l) = 49*l + 5. Let i(o) = -1. Let y(b) = -i(b) - v(b). Let t be y(-3). Calculate the highest common divisor of t and w.
13
Suppose 100 = -o - o. Let j = -29 - o. Let f be (-14)/j - 40/(-6). What is the greatest common factor of f and 6?
6
Let i be 7 + (0 + 0 - -4). Let g(f) = 16*f - 1. Let b be g(i). What is the greatest common factor of 25 and b?
25
Suppose 5*l - 5*r - 195 = 0, 3*l = 5*r - 15 + 138. Let z be 92/(-20) - (-6)/10. Let p = 13 + z. Calculate the highest common divisor of l and p.
9
Let a(v) = 13*v**2 + 2*v - 1. Let i be 6/21 + 84/49. Let d be a(i). Suppose -3*u - 11 = -4*u. What is the greatest common divisor of d and u?
11
Let o(s) = -17*s - 15. Suppose 6 = -5*f - 2*g - 3, 0 = -5*f - 5*g. Let n be o(f). Calculate the highest common divisor of 90 and n.
18
Let l(c) = -2301*c + 2. Let x be l(-1). Calculate the highest common divisor of 47 and x.
47
Let a(y) = -20*y - 127. Let i be a(-8). Calculate the highest common divisor of i and 363.
33
Suppose 380 = 5*h + 75. Let m = 89 - h. Calculate the greatest common factor of m and 70.
14
Suppose -23 = 57*h - 422. What is the highest common divisor of 161 and h?
7
Let m be (-2 + -2 + 2)*2. Let n be (-18)/((-6)/m*-1). What is the greatest common factor of n and 96?
12
Suppose 6*y - 3*d = 10*y - 22, -d + 26 = 4*y. Suppose -1260 = -3*t - t. Suppose -4*k + t = k. Calculate the greatest common divisor of y and k.
7
Let v(h) = h**2 - 2*h + 3. Let x be v(4). Suppose 0 = 2*b - 39 - x. What is the highest common divisor of b and 10?
5
Let v(o) = o**3 + 2*o - 9. Let h be v(0). Let m be 15*3*(-4 - h). Calculate the greatest common factor of m and 25.
25
Let y be 46/8 - 1/(-4). Let d(w) = -w**2 + 12*w + 2. Let r be d(9). Let x = r + 25. What is the highest common factor of y and x?
6
Let h = -27 + 29. Let j(o) = 0*o - 19*o**3 - o**h + 20*o**3 - o + 30. Let b be j(0). Calculate the highest common divisor of 12 and b.
6
Suppose 16*y + 440 = 8*y. Let s = y - -58. What is the highest common factor of s and 12?
3
Let o = 83 + -87. Let m be (13/(130/525))/((-2)/o). What is the greatest common divisor of 21 and m?
21
Let y = -117 + 193. Suppose 69*u - 1368 = 57*u. Calculate the highest common factor of u and y.
38
Let s(n) = 30*n + 28. Let m be s(0). Calculate the highest common divisor of m and 126.
14
Let p(d) = 14*d**3 + 10*d**2 + 2*d - 6. Let r be p(3). What is the greatest common factor of r and 36?
36
Let j be (0/4 + -4)*(2 - 6). Suppose -5*i + 552 + 93 = 5*d, 0 = 4*d - i - 511. What is the highest common divisor of j and d?
16
Let z(u) = 3*u**2 - 25*u + 5. Let n be z(9). Calculate the highest common divisor of n and 391.
23
Let d(a) = 5*a. Let w be d(2). Let p be (-12086)/w + 6/(-15). Let y be (-2)/7 - p/91. Calculate the greatest common factor of y and 91.
13
Let i(a) = 55*a**2 + 9*a - 18. Let y be i(2). Calculate the greatest common factor of 20 and y.
20
Suppose -67 = 4*g - 231. Let p = g - 24. Suppose p = 4*n - 39. What is the greatest common factor of 2 and n?
2
Let b(p) = 2*p**2 + 23*p - 3. Let d be b(-18). What is the highest common divisor of d and 22?
11
Let y(q) = -3 + 5 + 12*q + 0 + 3*q. Let k(c) = -c**3 + 7*c**2 - 6*c + 5. Let t be k(6). Let n be y(t). Calculate the highest common factor of 7 and n.
7
Let b be 2 - (4 + (0 - 14)). Suppose -3*v - 54 = -6*v. Calculate the greatest common factor of v and b.
6
Let s = 13 - 1. Calculate the greatest common divisor of 3 and s.
3
Let i(p) = 4*p - 1. Suppose a = 5, 7*u - 4*a = 3*u - 28. Let x be i(u). Let w = x - -13. What is the greatest common divisor of 12 and w?
4
Let k = 18 - 14. Suppose 0 = k*s - 20, 6*m + 3*s = m + 195. Let q = m - 16. Calculate the greatest common factor of 40 and q.
20
Let v be -2 + 32/(-6)*-6. What is the greatest common factor of v and 645?
15
Let f = -2 + 6. Let u be (-4 + -78)*2/f. Let l = u + 77. What is the highest common divisor of l and 90?
18
Suppose -t = -v - 2, 3*t + 3*v - 8*v = 0. Let q be (17 - 1)/((-2)/(-5)). What is the greatest common factor of q and t?
5
Let o(j) = -j + 10. Let c be o(-12). Let p be -2 + -3 - (-7 + -2 - -2). Calculate the highest common factor of p and c.
2
Let m be (-1190)/(-420)*6/1. Calculate the highest common factor of 2771 and m.
17
Let p be 15/(15/36*6). Calculate the greatest common divisor of p and 249.
3
Suppose 0*p + 12 = 2*p. Let r be (-2)/6 - (-746)/p. Let q = 109 + -78. Calculate the highest common divisor of q and r.
31
Suppose -204 = 59*k - 735. Calculate the highest common divisor of 603 and k.
9
Suppose 572 = 3*b - 331. Suppose -g + b = p, g - 301 = 3*p + p. Calculate the greatest common divisor of g and 43.
43
Let p be -2*(-1)/(-2)*(2 - 63). Let v = 85 - p. Calculate the greatest common factor of v and 168.
24
Let i be (-5)/4*(-2080)/40. What is the greatest common divisor of 5 and i?
5
Let s(g) = 11*g - 9. Let b be s(4). Suppose 5*z - 40 = b. Let y = -46 + 106. What is the greatest common factor of y and z?
15
Let u(l) = l**3 - 2*l**2 + 4. Let r be u(2). Let y be r/(-6)*(-7 - -4) + 20. Calculate the greatest common factor of y and 66.
22
Let d = -94 + 102. Let m be 57 + (0 - 0) + -1. Calculate the greatest common factor of m and d.
8
Let d be (-11800)/(-70) + 20/(-35). What is the greatest common divisor of d and 224?
56
Let d(i) = 5*i + 8. Let b be d(2). Let o be (22/(-4))/(1/(-2)). Let h be ((-11)/(o/b))/(-1). What is the highest common factor of 27 and h?
9
Let x be 5/((-15)/(-18)) - 5. Let h = x - -29. Calculate the greatest common divisor of 75 and h.
15
Let u(i) = 13*i + 15. Let l be 2/4 + (-8)/(-16). Let b be u(l). Calculate the greatest common divisor of b and 42.
14
Let m be 15/6 + (-6)/12. Let z = m - -10. What is the greatest common factor of z and 108?
12
Let m = 48 + -30. Suppose 0 = -3*q - q. Suppose q = -z - 3*f - 3, 3*z - 4*f - 39 - 17 = 0. What is the highest common factor of z and m?
6
Let m = -34 - -47. Let y(j) = j**3 + 14*j**2 + 19*j + 39. Let l be y(-5). What is the greatest common divisor of l and m?
13
Suppose 4*c = 2*z + 114, 4*z = -c + 9*z + 15. What is the greatest common factor of c and 225?
15
Suppose 5*g + 61*r - 62*r - 1538 = 0, -3*g - 2*r + 928 = 0. What is the highest common divisor of g and 7?
7
Suppose 0 = 90*f - 82*f - 2240. Suppose -3*g + f = 70. What is the greatest common divisor of g and 30?
10
Let x be (-4 + -325 + -2)*(-13 + 0). Let k be -5*((-4)/22